 divided by u(6).
8
Let h = 69 + -32. Suppose 4*s + 2*s = 870. Calculate the remainder when s is divided by h.
34
Let q = -64 + 185. What is the remainder when q is divided by 33?
22
Calculate the remainder when 284 is divided by -38*((-2)/(-20) - 15/25).
18
Let s be 5 + (-5 - -68) + 1. Let u = -91 + 65. Let r = u + s. Calculate the remainder when r is divided by 12.
7
Calculate the remainder when 64 is divided by 28 - (0 - (-4 + 0)).
16
Suppose 5*t = -23*t + 2716. Calculate the remainder when t is divided by 29.
10
Let u(r) = -5*r**3 + r - 1. What is the remainder when 102 is divided by u(-2)?
28
Suppose 0*g - 2*k - 390 = -4*g, k = 3*g - 292. What is the remainder when g is divided by 20?
17
Suppose n + 16 - 69 = 0. Suppose 0 = -7*o - 32 - 38. Calculate the remainder when n is divided by 4/(-20) + (-142)/o.
11
Suppose -b = 271*b - 22576. Calculate the remainder when b is divided by -1*1 - -1*7.
5
Let g = -18 - -21. Suppose 62 = 4*l - 2*u, -5*l + 61 = -g*l + 5*u. Calculate the remainder when 52 is divided by l.
16
Let o = 338 - 331. Calculate the remainder when 12 is divided by o.
5
Calculate the remainder when 150/(-15) - (-2 - 203) is divided by 25.
20
What is the remainder when (2235/(-45))/(5/(-15)) is divided by 8?
5
Suppose q - 5*m = 110, -q - 2*m = -m - 86. Suppose 0 = 2*c - 5*c + q. Calculate the remainder when 119 is divided by c.
29
Suppose -5*w - 2*d = 408, -2*w = -3*w + 3*d - 68. Let y = w - -107. Let t(k) = -105*k + 1. What is the remainder when t(-1) is divided by y?
25
Suppose 7*g - 28 = 3*g. Suppose 197*k - 1110 = 12*k. Calculate the remainder when g is divided by k.
1
Let r = 45 - 27. Calculate the remainder when (-1 + 3)*-16*-1 is divided by r.
14
Suppose -4*m + 2*p + 2*p = -76, -2*m - 5*p + 24 = 0. Calculate the remainder when 60 is divided by m.
9
Let p be 147/2*(-6)/(-9). Let l = p + -35. Let h(k) = k**2 + 19*k + 109. What is the remainder when h(-14) is divided by l?
11
Suppose 10*x + 3*x = 403. Calculate the remainder when 116 is divided by x.
23
Suppose 152*k = -j + 156*k, -2*j = -2*k - 30. What is the remainder when 49 is divided by j?
9
Calculate the remainder when 11 + (-11 - -75 - -1) is divided by 16.
12
Let c(z) = 2*z + 41. Let u(w) = 1. Let x(r) = -c(r) - 2*u(r). What is the remainder when 24 is divided by x(-23)?
0
Let d(u) = 2*u**3 + 2*u**2 + 2*u - 7. What is the remainder when d(5) is divided by 26?
17
Suppose 646 - 94 = 4*b. What is the remainder when b is divided by 18?
12
Suppose -2*v + 7 = 29. Calculate the remainder when 15/(-3 - 36/v) is divided by 15.
10
Let r(w) = -10*w + 4*w**2 + 1 + 35 + 0*w - 3*w. What is the remainder when r(7) is divided by 36?
33
Let d = 187 + -104. Suppose 85*y - 65*y = 100. Calculate the remainder when d is divided by y.
3
Suppose t = 1, -189 = -4*k + 86*t - 87*t. Calculate the remainder when k is divided by 19.
9
Suppose 0 = 4*b + 12, 4*l + 3*b = -2*b + 49. Suppose 5*i = -3*v - 89, i - 2*v = -11 + 1. Calculate the remainder when l is divided by i/((-4 - -1) + 1) + 2.
6
Calculate the remainder when 6/8*66*(-26)/(-39) is divided by 32.
1
Let q = -744 - -849. What is the remainder when q is divided by 31?
12
Suppose -q = -2*f + 11, 0 = -f + 3*q - 0 - 7. Suppose g - 7 + 3 = 0. What is the remainder when f is divided by g?
0
Suppose -f = -5*l - 7 - 26, 2*f = 4*l + 24. Let b = l + 10. Suppose 0 = 3*u - b*h + 9 - 150, -h = -2. Calculate the remainder when u is divided by 13.
10
Let t(k) = 6*k + 9*k**2 - 438*k**3 + 439*k**3 - 6 + 0*k. Let p(c) = -7*c - 1. Let a be p(1). Calculate the remainder when 38 is divided by t(a).
8
Let c be (-2 + 8)/18 + 11/3. Suppose s = n - 10, 3*n - c*s = -7*s + 60. What is the remainder when 88 is divided by n?
13
Let t(z) = z**3 + 5*z**2 + 4*z + 3. What is the remainder when 116 is divided by t(-3)?
8
Let s(i) = -18*i**3 + i**2 + 2*i + 1. What is the remainder when 2 + (268/(-16))/((-1)/4) is divided by s(-1)?
15
Suppose w = -4*w - 60. Let y = 25 + w. What is the remainder when y is divided by (1/3)/((-2)/(-42))?
6
Suppose 0*f + 92 = z - 5*f, 2*f = 2*z - 192. Calculate the remainder when z is divided by 36.
25
Let o be (0 + 1)/((-4)/(-60)). Suppose 15 = 5*i - o. Suppose 2*l = i*l - 36. What is the remainder when 17 is divided by l?
8
Let y(d) = 56*d - 4. Let v be y(-1). Let a = -21 - -42. What is the remainder when a is divided by 2/5*v/(-2)?
9
Let h be ((-10)/(-5) + -3)/1. What is the remainder when (2 + -2)/h - -38 is divided by ((-15)/(-4))/((-3)/(-8))?
8
Let p(t) = 6*t + 40. What is the remainder when p(7) is divided by 42?
40
Suppose 160*u - 167*u = -742. What is the remainder when u is divided by ((-48)/(-10))/(2/15)?
34
Let r = 2 - -15. Suppose -r*k + 80 = -12*k. Suppose -129 = -3*l - 3*h, 4*l - 14 = h + 178. What is the remainder when l is divided by k?
15
Suppose -12*q = -2822 + 194. Calculate the remainder when q is divided by 20.
19
Let j(c) = 2*c**2 + 10*c + 1. Let y(d) = -d - 6. Let x be y(-7). Let b be 16*x*(-4)/8. What is the remainder when j(b) is divided by 17?
15
Suppose 0 = 7*z - 6*z - 3. Suppose -4*y - 20 = 2*v, -5*y + 2*v - 4 = z. Let a(u) = -5*u - 3. Calculate the remainder when a(y) is divided by 8.
4
Suppose -2*r = -0*r + 4, 3*r + 26 = -5*w. Calculate the remainder when (36/w)/((-1)/9)*1 is divided by 17.
13
Let z be ((-132)/9)/(24/(-18)). Suppose 2*a = -0*a + 14. Let w = a + z. What is the remainder when w is divided by 5?
3
Let w(y) = -549*y - 2. Calculate the remainder when w(-1) is divided by 50.
47
Suppose -5*p - 5*k = -20, -p - 4*k = -7 + 18. What is the remainder when 197 is divided by p?
8
Suppose -4*x + 6*x = -72. Let b be (6/4)/(27/x). Let t(g) = -9*g. Calculate the remainder when t(b) is divided by 7.
4
Suppose -12*w = -7*w + 10. Let y = 7 + w. Suppose -y*i + 73 = 18. Calculate the remainder when 40 is divided by i.
7
Suppose 4*i = -410 + 18. Let g = i - -191. Calculate the remainder when g is divided by 16.
13
Let x = -33 - -41. Calculate the remainder when 26 is divided by x.
2
Let d be 0*(4 - 28/8) - -14. Let u = d + 7. Calculate the remainder when 33 is divided by u.
12
Let a(q) = 8*q + 1. Let o(p) = -p + 42. What is the remainder when a(7) is divided by o(13)?
28
Let x = 51 + -3. Suppose 5*u = -3*f + 144, -4*f + x = -3*f - 4*u. Suppose 0*c + 4*c - f = -2*o, -8 = 4*c. What is the remainder when 82 is divided by o?
26
Suppose 6*m - 70 = -m. Let k be 5/((-30)/52)*6. Let c = -35 - k. Calculate the remainder when c is divided by m.
7
Let x = 115 - -267. Calculate the remainder when x is divided by 7.
4
Suppose v - 15 = -4*p, -3*p + 2*v = p - 30. Let f(k) = k**2 - k + 3. What is the remainder when f(3) is divided by p?
4
Suppose 5*z - 60 = -0. Suppose 2*d = 4*p - 28, -15*p + 12*p = -4*d - 21. Calculate the remainder when z is divided by p.
5
Suppose 3*z = 27 - 3. Let y = z - -13. What is the remainder when y is divided by 14?
7
Suppose v - 40 = b, -4*v + 4*b = -2*v - 86. Calculate the remainder when v is divided by 21.
16
Suppose -2*h + 3*n + 53 = 0, 9 = -2*h - 3*n + 32. Suppose -65 = -3*u + h. What is the remainder when 53 is divided by u?
25
Let a = 64 - -2. Calculate the remainder when a is divided by 24.
18
Suppose -m - 4 = -21. Let r(y) = 2*y**3 - 3*y**2 + y + 3. Suppose 0 = -z - 5*l - 12, 4*z - 3*l + 5 = 26. Calculate the remainder when r(z) is divided by m.
16
Let v = 4 + -2. Suppose -3*w = v*w - 5*c - 135, 3*c = -5*w + 151. What is the remainder when (-3*1 + 70/28)*-172 is divided by w?
28
Let u be 0/(-12) - -1*1. Suppose 2*a - 7 + u = 0. Suppose 2*i - 6 = 3*b - 2*b, i = -2*b + a. Calculate the remainder when 11 is divided by i.
2
Let a(u) = -3*u**3 - u**2 - 4*u + 6. What is the remainder when 448 is divided by a(-3)?
88
Let p = 164 - 153. Calculate the remainder when 17 is divided by p.
6
Let w(k) = k**2 + 3*k + 2. Let c be w(-3). Suppose -4 = -c*j + 12. Calculate the remainder when 19 is divided by j.
3
Suppose -11*x + 2106 = 7*x. What is the remainder when x is divided by 17?
15
What is the remainder when 87 is divided by 7/(-14)*4*(-44)/2?
43
Let f(g) = -2*g**3 + 5*g**2 + 31*g - 5. Calculate the remainder when 548 is divided by f(-4).
74
Let y = -5 + 6. Let x = y - -1. Suppose -x*t = -t - 36. Calculate the remainder when t is divided by 13.
10
Suppose -q + 3*i + 9 + 122 = 0, -q = -4*i - 129. What is the r